{"id":851,"date":"2018-02-23T10:47:59","date_gmt":"2018-02-23T09:47:59","guid":{"rendered":"http:\/\/lusitanistenverband.de\/?page_id=851"},"modified":"2020-06-04T20:04:43","modified_gmt":"2020-06-04T18:04:43","slug":"11-deutscher-lusitanistentag","status":"publish","type":"page","link":"http:\/\/lusitanistenverband.de\/pt\/lusitanistentage\/tagungsakten\/11-deutscher-lusitanistentag\/","title":{"rendered":"(DE) 11. Deutscher Lusitanistentag"},"content":{"rendered":"<p class=\"qtranxs-available-languages-message qtranxs-available-languages-message-pt\">Desculpe, este conte\u00fado s\u00f3 est\u00e1 dispon\u00edvel em <a href=\"http:\/\/lusitanistenverband.de\/de\/wp-json\/wp\/v2\/pages\/851\" class=\"qtranxs-available-language-link qtranxs-available-language-link-de\" title=\"DE\">DE<\/a>.<\/p>","protected":false},"excerpt":{"rendered":"<p>Desculpe, este conte\u00fado s\u00f3 est\u00e1 dispon\u00edvel em DE.<\/p>\n<p class=\"more-link-p\"><a class=\"more-link\" href=\"http:\/\/lusitanistenverband.de\/pt\/lusitanistentage\/tagungsakten\/11-deutscher-lusitanistentag\/\">Read more &rarr;<\/a><\/p>\n","protected":false},"author":16,"featured_media":0,"parent":81,"menu_order":10,"comment_status":"closed","ping_status":"closed","template":"","meta":{"footnotes":""},"class_list":["post-851","page","type-page","status-publish","hentry"],"_links":{"self":[{"href":"http:\/\/lusitanistenverband.de\/pt\/wp-json\/wp\/v2\/pages\/851","targetHints":{"allow":["GET"]}}],"collection":[{"href":"http:\/\/lusitanistenverband.de\/pt\/wp-json\/wp\/v2\/pages"}],"about":[{"href":"http:\/\/lusitanistenverband.de\/pt\/wp-json\/wp\/v2\/types\/page"}],"author":[{"embeddable":true,"href":"http:\/\/lusitanistenverband.de\/pt\/wp-json\/wp\/v2\/users\/16"}],"replies":[{"embeddable":true,"href":"http:\/\/lusitanistenverband.de\/pt\/wp-json\/wp\/v2\/comments?post=851"}],"version-history":[{"count":7,"href":"http:\/\/lusitanistenverband.de\/pt\/wp-json\/wp\/v2\/pages\/851\/revisions"}],"predecessor-version":[{"id":1382,"href":"http:\/\/lusitanistenverband.de\/pt\/wp-json\/wp\/v2\/pages\/851\/revisions\/1382"}],"up":[{"embeddable":true,"href":"http:\/\/lusitanistenverband.de\/pt\/wp-json\/wp\/v2\/pages\/81"}],"wp:attachment":[{"href":"http:\/\/lusitanistenverband.de\/pt\/wp-json\/wp\/v2\/media?parent=851"}],"curies":[{"name":"wp","href":"https:\/\/api.w.org\/{rel}","templated":true}]}}

<p class="qtranxs-available-languages-message qtranxs-available-languages-message-pt">Desculpe, este conteúdo só está disponível em <a href="http://lusitanistenverband.de/de/wp-json/wp/v2/pages/851" class="qtranxs-available-language-link qtranxs-available-language-link-de" title="DE">DE</a>.</p>

<p>Desculpe, este conteúdo só está disponível em DE.</p>
<p class="more-link-p"><a class="more-link" href="http://lusitanistenverband.de/pt/lusitanistentage/tagungsakten/11-deutscher-lusitanistentag/">Read more &rarr;</a></p>
